digit of 67362?
3
What is the hundreds digit of 16179?
1
What is the hundreds digit of 96512?
5
What is the hundreds digit of 8191?
1
What is the hundreds digit of 5545?
5
What is the hundreds digit of 504?
5
What is the thousands digit of 7906?
7
What is the hundreds digit of 442?
4
What is the ten thousands digit of 12899?
1
What is the hundreds digit of 848?
8
What is the tens digit of 886?
8
What is the tens digit of 939?
3
What is the thousands digit of 52200?
2
What is the tens digit of 341?
4
What is the hundreds digit of 1790?
7
What is the units digit of 4703?
3
What is the ten thousands digit of 82674?
8
What is the thousands digit of 1645?
1
What is the thousands digit of 1333?
1
What is the hundreds digit of 382?
3
What is the hundreds digit of 102357?
3
What is the units digit of 2719?
9
What is the units digit of 44945?
5
What is the units digit of 2173?
3
What is the thousands digit of 3898?
3
What is the thousands digit of 4930?
4
What is the thousands digit of 8063?
8
What is the units digit of 39416?
6
What is the units digit of 264?
4
What is the units digit of 48254?
4
What is the tens digit of 44?
4
What is the tens digit of 4975?
7
What is the hundreds digit of 64736?
7
What is the tens digit of 10745?
4
What is the units digit of 1913?
3
What is the units digit of 1328?
8
What is the tens digit of 18026?
2
What is the tens digit of 9270?
7
What is the units digit of 17589?
9
What is the thousands digit of 3075?
3
What is the units digit of 9329?
9
What is the tens digit of 7184?
8
What is the units digit of 1050?
0
What is the units digit of 818?
8
What is the hundreds digit of 1203?
2
What is the hundreds digit of 51118?
1
What is the tens digit of 43133?
3
What is the thousands digit of 2292?
2
What is the tens digit of 114974?
7
What is the thousands digit of 2138?
2
What is the hundreds digit of 18625?
6
What is the ten thousands digit of 11081?
1
What is the thousands digit of 11985?
1
What is the hundreds digit of 2407?
4
What is the units digit of 3890?
0
What is the thousands digit of 10712?
0
What is the units digit of 1380?
0
What is the ten thousands digit of 34927?
3
What is the thousands digit of 12599?
2
What is the ten thousands digit of 12080?
1
What is the hundreds digit of 1279?
2
What is the tens digit of 95674?
7
What is the units digit of 12913?
3
What is the units digit of 60747?
7
What is the thousands digit of 7946?
7
What is the thousands digit of 14983?
4
What is the hundreds digit of 21041?
0
What is the thousands digit of 1969?
1
What is the units digit of 1129?
9
What is the thousands digit of 49590?
9
What is the hundreds digit of 1397?
3
What is the units digit of 136915?
5
What is the units digit of 4042?
2
What is the thousands digit of 3087?
3
What is the tens digit of 834?
3
What is the units digit of 3682?
2
What is the tens digit of 9255?
5
What is the tens digit of 18227?
2
What is the hundreds digit of 13984?
9
What is the hundreds digit of 625?
6
What is the ten thousands digit of 11649?
1
What is the hundreds digit of 12324?
3
What is the thousands digit of 2691?
2
What is the units digit of 1536?
6
What is the tens digit of 106?
0
What is the hundreds digit of 183328?
3
What is the tens digit of 7518?
1
What is the hundreds digit of 8384?
3
What is the units digit of 34667?
7
What is the tens digit of 203?
0
What is the thousands digit of 5762?
5
What is the hundreds digit of 1841?
8
What is the units digit of 4553?
3
What is the units digit of 379?
9
What is the tens digit of 1506?
0
What is the tens digit of 1588?
8
What is the tens digit of 20433?
3
What is the tens digit of 138432?
3
What is the hundreds digit of 1724?
7
What is the units digit of 671?
1
What is the units digit of 61877?
7
What is the units digit of 2396?
6
What is the hundreds digit of 2578?
5
What is the hundreds digit of 933?
9
What is the tens digit of 16?
1
What is the tens digit of 1075?
7
What is the thousands digit of 14210?
4
What is the tens digit of 44?
4
What is the tens digit of 8975?
7
What is the tens digit of 41182?
8
What is the units digit of 813?
3
What is the thousands digit of 3701?
3
What is the tens digit of 413?
1
What is the tens digit of 293?
9
What is the units digit of 7277?
7
What is the thousands digit of 3641?
3
What is the thousands digit of 7868?
7
What is the tens digit of 2112?
1
What is the tens digit of 1087?
8
What is the units digit of 133?
3
What is the units digit of 9516?
6
What is the units digit of 30416?
6
What is the tens digit of 2185?
8
What is the units digit of 2817?
7
What is the hundreds digit of 22173?
1
What is the tens digit of 289?
8
What is the hundreds digit of 2195?
1
What is the hundreds digit of 159693?
6
What is the tens digit of 1853?
5
What is the tens digit of 9282?
8
What is the thousands digit of 1044?
1
What is the thousands digit of 2644?
2
What is the tens digit of 150?
5
What is the hundreds digit of 1555?
5
What is the tens digit of 1348?
4
What is the units digit of 45875?
5
What is the hundreds digit of 472?
4
What is the hundreds digit of 698?
6
What is the hundreds digit of 12802?
8
What is the units digit of 1116?
6
What is the units digit of 23597?
7
What is the ten thousands digit of 118316?
1
What is the ten thousands digit of 10855?
1
What is the units digit of 2855?
5
What is the thousands digit of 2244?
2
What is the units digit of 46621?
1
What is the hundreds digit of 1194?
1
What is the thousands digit of 4711?
4
What is the tens digit of 8486?
8
What is the thousands digit of 137231?
7
What is the hundreds digit of 10464?
4
What is the hundreds digit of 46568?
5
What is the ten thousands digit of 71594?
7
What is the units digit of 2386?
6
What is the thousands digit of 1095?
1
What is the units digit of 1484?
4
What is the thousands digit of 1718?
1
What is the tens digit of 562?
6
What is the hundreds digit of 2232?
2
What is the units digit of 321?
1
What is the units digit of 3026?
6
What is the thousands digit of 14641?
4
What is the ten thousands digit of 132440?
3
What is the tens digit of 3062?
6
What is the hundreds digit of 3561?
5
What is the ten thousands digit of 13675?
1
What is the hundreds digit of 1631?
6
What is the thousands digit of 6136?
6
What is the hundreds digit of 3792?
7
What is the thousands digit of 11157?
1
What is the tens digit of 10068?
6
What is the hundreds digit of 47763?
7
What is the hundreds digit of 2773?
7
What is the units digit of 625?
5
What is the tens digit of 3948?
4
What is the hundreds digit of 1631?
6
What is the thousands digit of 4963?
4
What is the thousands digit of 9081?
9
What is the thousands digit of 13106?
3
What is the units digit of 23752?
2
What is the hundreds digit of 2016?
0
What is the tens digit of 28628?
2
What is the ten thousands digit of 138757?
3
What is the thousands digit of 10684?
0
What is the units digit of 44?
4
What is the tens digit of 909?
0
What is the hundreds digit of 58384?
3
What is the units digit of 973?
3
What is the tens digit of 8592?
9
What is the tens digit of 607?
0
What is the thousands digit of 1418?
1
What is the thousands digit of 36561?
6
What is the ten thousands digit of 119664?
1
What is the hundreds digit of 5879?
8
What is the tens digit of 68871?
7
What is the tens digit of 176?
7
What is the units digit of 1748?
8
What is the hundreds digit of 739?
7
What is the hundreds digit of 1859?
8
What is the units digit of 308?
8
What is the units digit of 9053?
3
What is the tens digit of 27487?
8
What is the ten thousands digit of 51422?
5
What is the units digit of 346?
6
What is the hundreds digit of 58794?
7
What is the ten thousands digit of 27967?
2
What is the units digit of 101753?
3
What is the hundred thousands digit of 112159?
1
What is the hundreds digit of 62194?
1
What is the hundred thousands digit of 109162?
1
What is the ten thousands digit of 85779?
8
What is the hundreds digit of 675?
6
What is the tens digit of 12078?
7
What is the ten thousands digit of 51688?
5
What is the units digit of 17245?
5
What is the thousands digit of 3494?
3
What is the tens digit of 3063?
6
What is the ten thousands digit of 37648?
3
What is the hundreds digit of 14385?
3
What is the units digit of 34026?
6
What is the hund